ctor of w and 17.
17
Let o(s) = -43*s**2 + s - 2. Let q be o(1). Let p be (-1)/((4/q)/(-1)). Let r be ((p - -3)*1)/(-2). What is the highest common factor of r and 8?
4
Suppose 2*t = -0*t - 8. Let y be 10/t + (-1)/2. Let m = 16 - y. What is the greatest common divisor of m and 209?
19
Suppose -2*g + 1 = 3. Let p = 1 + g. Suppose -v = 2*s - 5*s - 4, p = -3*s + 15. What is the highest common factor of 76 and v?
19
Let y(s) = 166*s + 240. Let u be y(12). What is the highest common divisor of u and 9?
9
Let t = -16 + 11. Let a be t/(2 + 9/(-6)). Let o be (-95)/a + (-1)/(-2). Calculate the highest common divisor of 70 and o.
10
Let y = 149 - 77. Let f(t) = -17*t - 3. Let p = -19 - -16. Let x be f(p). Calculate the greatest common factor of x and y.
24
Let z = -433 - -442. Let x(k) = -k**2 + k + 9. Let i be x(0). Calculate the highest common factor of z and i.
9
Let x(f) = -4*f + f + 81 - 83 - 7*f**3 - 2*f - 2*f**2. Let n be x(-1). Calculate the highest common divisor of 8 and n.
8
Let t = 81 - -242. What is the greatest common divisor of 17 and t?
17
Let y = 1505 - 1359. Calculate the highest common factor of y and 73.
73
Let p be (-1 + 1)/(1/1). Suppose p = 3*o - o + 52. Let m = -16 - o. What is the greatest common factor of 110 and m?
10
Suppose -3*g + 3*j = 2*g - 549, -552 = -5*g + 4*j. Calculate the greatest common divisor of 135 and g.
27
Suppose 792 = 139*n - 128*n. What is the greatest common factor of 96 and n?
24
Let k = 18 - 7. Suppose -4*c + 6*r = r - 59, 0 = r + 3. Suppose 0*y + 6 = -3*y + 3*f, -c = y - 4*f. What is the greatest common factor of k and y?
1
Suppose 2*z + 0*z = 88. Let d be (-36 - -3)*20/(-6). Suppose -7*g = -6*g - d. Calculate the highest common factor of z and g.
22
Suppose 0 = g - 32 + 12. Suppose 18 = -z - p + 6*p, z = 2*p - 12. Let i be 43/9 - z/36. Calculate the greatest common factor of g and i.
5
Suppose -481 = -3*f - 121. Let y be 3/(6*(-3)/60). Let t be (y/30)/((-2)/72). What is the highest common divisor of f and t?
12
Suppose -14*l = l - 210. Calculate the greatest common factor of 35 and l.
7
Let j = -15 + 20. Suppose 0*p - 45 = -5*p. Suppose p = a - j. Calculate the highest common divisor of 70 and a.
14
Let w(c) = 2*c - 2. Let j be w(3). Suppose -m - 3*r + 19 = -5*r, 2*r = -j. What is the highest common factor of m and 45?
15
Let n = 13 + -11. Let z be 1/n - 86/(-4). Let y(w) = -w**3 + 11*w**2 + w - 17. Let b be y(9). What is the greatest common factor of z and b?
22
Suppose 0 = 4*i, 4*u - 2*i = i + 120. Suppose 10 = 4*t - u. Let k = 76 + 14. Calculate the highest common divisor of k and t.
10
Let x(y) = y - 1. Let f be x(4). Suppose -26 = -2*o - 5*q - 0*q, -f*q + 84 = 5*o. Let a = 140 + 22. Calculate the highest common divisor of o and a.
18
Let f = -446 - -454. Calculate the greatest common factor of f and 256.
8
Suppose 3 = z - 17. Let p = -222 + 402. Calculate the greatest common divisor of p and z.
20
Let c(j) = -7*j - 16. Let s be c(-8). Suppose 21*y - 33 = 135. Calculate the greatest common factor of y and s.
8
Let v = 35 + -35. Suppose -4*u + 2*p - p + 9 = v, -2*u + 1 = 3*p. What is the greatest common factor of 10 and u?
2
Let m(f) = 28*f - 130. Let z be m(7). Calculate the greatest common factor of z and 462.
66
Let i be (-4)/6 - (-106)/6. Suppose -2*c - 202 = -5*o + 213, -4*c - 150 = -2*o. Calculate the greatest common factor of i and o.
17
Let o be (2 + (-2 - 16))/(2/(-3)). Suppose -2*b + 486 = 5*z, -2*z - 4*b + 151 + 53 = 0. Calculate the highest common divisor of o and z.
24
Suppose v = 4*j + 346, 3*v + 9*j - 7*j = 982. What is the highest common divisor of v and 1430?
110
Let j be 12/(-2) + 130 - 4. What is the highest common factor of 15 and j?
15
Let k = 19 - 11. Let c be 445/(-25) - 16/(-20). Let r = 49 + c. What is the highest common divisor of r and k?
8
Suppose -r + 72 = -0*r. Suppose -21*b + 81 = -12*b. Calculate the highest common factor of b and r.
9
Let z = 40 - 20. What is the greatest common divisor of z and 50?
10
Let u(c) = -c**3 + 24*c - 2. Let x be u(-6). Calculate the greatest common factor of 15 and x.
5
Let u(h) = -7*h + 13. Let j = 22 - 44. Let q be (-32)/5 + j/(-55). Let f be u(q). What is the greatest common factor of f and 11?
11
Let s be 12/(-10)*2750/(-15). Let f = 41 - 21. What is the highest common divisor of s and f?
20
Suppose 7*h - 374 - 312 = 0. Suppose -43 = 5*u - 113. Calculate the greatest common factor of h and u.
14
Let z(n) = 2 + 46*n + 22 - 13*n. Let o be z(11). Let g = o + -216. Calculate the greatest common divisor of 19 and g.
19
Suppose 6*u - 11*u - 2*l + 303 = 0, -3*u - 3*l + 189 = 0. Calculate the highest common divisor of 2360 and u.
59
Let u(o) = -10 + 10 - 4*o. Let l be u(2). Let p be 2/(-8) - 90/l. Calculate the greatest common factor of p and 11.
11
Suppose 0 = 4*d - 62 - 226. Let i = d - -64. What is the highest common divisor of i and 17?
17
Let n(l) = -2*l**2 + 15*l + 168. Let r be n(-6). What is the highest common divisor of r and 33?
3
Let o = 13 + -13. Suppose o - 4 = -f. What is the highest common factor of f and 32?
4
Let w(j) = -2*j + 6. Let c be w(-18). Suppose 5*h - 3*x - 61 = c, 56 = 3*h + 4*x. Calculate the highest common divisor of h and 4.
4
Let s be ((-10332)/410)/(1 + 39/(-30)). Calculate the greatest common divisor of s and 60.
12
Suppose c - 6*c - 3*f + 471 = 0, -4*c = 5*f - 382. Suppose 11*d = 116 + c. What is the greatest common factor of d and 19?
19
Suppose -7*m = -m - 216. What is the greatest common factor of m and 60?
12
Suppose 7*r - 410 = 94. What is the highest common factor of 336 and r?
24
Let u = 64 + -51. Suppose 6*t + 630 = u*t. Calculate the greatest common divisor of t and 72.
18
Let m = -44 - -105. Let s = 79 - m. What is the greatest common factor of 12 and s?
6
Let x = -18 + -32. Let a = 56 + x. Calculate the greatest common factor of a and 3.
3
Suppose -3 = -3*x - 3*h, 5 = 5*x + 4*h - 3. Let o be (-3 - x)/(1/(-3)). Let j be (o/(-6) + 2)*-6. What is the highest common factor of 18 and j?
9
Suppose -l - z + 108 = -5*l, l = z - 27. Let m be (1 - (-2)/(-4))*(-3 - l). What is the greatest common divisor of 6 and m?
6
Let o(s) = s**2 - 9*s + 1. Let f be o(9). Let u be 26*f*(-10)/10. Let z = 36 + u. What is the greatest common divisor of 70 and z?
10
Let p be 4 + (-6*1)/3. Suppose -5*m = -p*m + 33. Let d be (2 + -3 + -3)*m. Calculate the greatest common divisor of d and 4.
4
Suppose -4*p = 2*f - 52, 4*f + 5*p = 2*f + 54. Let a(l) = 17*l + 631. Let d be a(-37). Calculate the highest common divisor of d and f.
2
Let z(s) = s**2 + 2*s - 1. Let g be z(3). Let o = -7212 - -7324. What is the greatest common divisor of o and g?
14
Let r be (-566)/(-12) - (-20)/24. Suppose -4*i + 5*v - 3*v + 36 = 0, 26 = 2*i + 3*v. Suppose 2*t - i = 2. Calculate the greatest common factor of r and t.
6
Let x(z) = -3*z**2 - 3*z - 3. Let a be x(2). Let m = 35 + a. Calculate the highest common factor of 70 and m.
14
Let y(x) = -10*x + 8. Let c be y(23). Let i(w) = 2*w**2 + 7*w - 11. Let d be i(-15). Let p = c + d. What is the highest common divisor of p and 16?
16
Suppose 5*y = -4*t + 3, 6*t - t + 15 = 0. Suppose y*b = 121 + 44. Let h = b + -37. Calculate the greatest common divisor of h and 162.
18
Let n be 2 - (1 - 0)*1. Suppose 0 = w - n - 6. Let d be (-636)/(-10) + 93/(-155). What is the greatest common divisor of d and w?
7
Let w(z) = 3*z - 11. Let u = 2 - 41. Let n be (-6)/39 - 474/u. Let m be w(n). Calculate the highest common divisor of 275 and m.
25
Suppose -73*h + 204 = -71*h. Calculate the greatest common divisor of 34 and h.
34
Let n = -11 - -29. Let i be (-1 + -167)/(5 + (-102)/n). Calculate the highest common factor of 36 and i.
36
Let h be (22/4)/((-2)/(-24)). Let l = h + -38. Suppose 0*j - 2*j + l = 0. What is the highest common factor of j and 98?
14
Suppose -85 = -5*r - 20. Let o be 6/(-4) - 2430/(-60). Calculate the highest common divisor of o and r.
13
Suppose -7*t + 9*t = 0. Suppose t = -5*d - 5*j + 210, 3*d + 7*j - 2*j = 120. Let a be 2/6 - 53/(-3). What is the highest common divisor of a and d?
9
Suppose -s + 23 = 4*l, 0 = -2*s + 6*s - 4*l + 8. Suppose 4*x - s*x + 8 = 0. Let d be (18/4)/((-6)/x). Calculate the greatest common factor of 12 and d.
6
Let n(f) = -f**3 + 19*f**2 + 49*f - 27. Let u be n(21). Suppose -